{"id":1600,"date":"2021-12-06T23:30:18","date_gmt":"2021-12-06T22:30:18","guid":{"rendered":"https:\/\/unitel.rs\/telenor\/?page_id=1600"},"modified":"2024-11-04T23:19:29","modified_gmt":"2024-11-04T22:19:29","slug":"statut-sindikata","status":"publish","type":"page","link":"https:\/\/unitel.rs\/yettel\/sindikat-unitel-2\/statut-sindikata\/","title":{"rendered":"STATUT SINDIKATA"},"content":{"rendered":"<p><div class=\"fusion-fullwidth fullwidth-box fusion-builder-row-1 fusion-flex-container fusion-parallax-none nonhundred-percent-fullwidth non-hundred-percent-height-scrolling lazyload\" style=\"--awb-background-position:center top;--awb-border-radius-top-left:0px;--awb-border-radius-top-right:0px;--awb-border-radius-bottom-right:0px;--awb-border-radius-bottom-left:0px;--awb-padding-top:15%;--awb-padding-bottom:15%;--awb-background-size:cover;--awb-flex-wrap:wrap;\" data-bg=\"https:\/\/unitel.rs\/yettel\/wp-content\/uploads\/2022\/03\/2-1.jpg\" ><div class=\"fusion-builder-row fusion-row fusion-flex-align-items-flex-start fusion-flex-content-wrap\" style=\"max-width:calc( 1300px + 0px );margin-left: calc(-0px \/ 2 );margin-right: calc(-0px \/ 2 );\"><div class=\"fusion-layout-column fusion_builder_column fusion-builder-column-0 fusion_builder_column_1_1 1_1 fusion-flex-column fusion-animated\" style=\"--awb-bg-size:cover;--awb-width-large:100%;--awb-margin-top-large:0px;--awb-spacing-right-large:0px;--awb-margin-bottom-large:20px;--awb-spacing-left-large:0px;--awb-width-medium:100%;--awb-spacing-right-medium:0px;--awb-spacing-left-medium:0px;--awb-width-small:100%;--awb-spacing-right-small:0px;--awb-spacing-left-small:0px;\" data-animationType=\"fadeInDown\" data-animationDuration=\"0.6\" data-animationOffset=\"top-into-view\"><div class=\"fusion-column-wrapper fusion-flex-justify-content-flex-start fusion-content-layout-column\"><div class=\"fusion-title title fusion-title-1 fusion-sep-none fusion-title-center fusion-title-text fusion-title-size-one\" style=\"--awb-margin-bottom:0px;\"><h1 class=\"fusion-title-heading title-heading-center fusion-responsive-typography-calculated\" style=\"margin:0;--fontSize:35;line-height:1.2;\"><\/h1><\/div><\/div><\/div><\/div><\/div><div class=\"fusion-fullwidth fullwidth-box fusion-builder-row-2 fusion-flex-container nonhundred-percent-fullwidth non-hundred-percent-height-scrolling\" style=\"--awb-background-position:center top;--awb-border-radius-top-left:0px;--awb-border-radius-top-right:0px;--awb-border-radius-bottom-right:0px;--awb-border-radius-bottom-left:0px;--awb-padding-top:6%;--awb-padding-bottom:6%;--awb-flex-wrap:wrap;\" ><div class=\"fusion-builder-row fusion-row fusion-flex-align-items-flex-start fusion-flex-content-wrap\" style=\"max-width:calc( 1300px + 0px );margin-left: calc(-0px \/ 2 );margin-right: calc(-0px \/ 2 );\"><div class=\"fusion-layout-column fusion_builder_column fusion-builder-column-1 fusion_builder_column_1_1 1_1 fusion-flex-column fusion-animated\" style=\"--awb-bg-size:cover;--awb-width-large:100%;--awb-margin-top-large:40px;--awb-spacing-right-large:0px;--awb-margin-bottom-large:20px;--awb-spacing-left-large:0px;--awb-width-medium:100%;--awb-spacing-right-medium:0px;--awb-spacing-left-medium:0px;--awb-width-small:100%;--awb-spacing-right-small:0px;--awb-spacing-left-small:0px;\" data-animationType=\"slideInLeft\" data-animationDuration=\"0.6\" data-animationOffset=\"top-into-view\"><div class=\"fusion-column-wrapper fusion-flex-justify-content-flex-start fusion-content-layout-column\"><div class=\"fusion-text fusion-text-1\" style=\"--awb-text-transform:none;\"><h1>STATUT SIDIKATA<\/h1>\n<p>Sindikat Uni Tel u kompaniji Yettel. \u010diji je skra\u0107eni naziv \u201eUni Tel\u201c, je organizacija dobrovoljno udru\u017eenih \u010dlanova zaposlenih u preduze\u0107u Yettel.d.o.o. Zaposleni se udru\u017euju radi ostvarivanja i za\u0161tite svojih interesa i prava u skladu sa pozitivnim zakonskim propisima i ovim statutom. Sindikat \u201eUni Tel\u201c u kompaniji Yettel. u ostvarenju svojih ciljeva koristi sva me\u0111unarodnim konvencijama, zakonom, kolektivnim ugovorima i ovim statutom priznata sredstva.<\/p>\n<p>Statutom Sindikata \u201eUni Tel\u201c utvr\u0111uju se: pravni status, naziv i sedi\u0161te, ciljevi udru\u017eivanja i na\u010dela rada, odnos prema drugim organizacijama, \u010dlanstvo u sindikatu, unutra\u0161nja organizacija sindikata, organi sindikata i radna tela sindikata, izborni principi, javnost rada, sredstva i poslovanje, oblici pomo\u0107i \u010dlanovima, prestanak rada sindikata, izmene i dopune statuta, kao i zavr\u0161ne odredbe.<\/p>\n<h3><a href=\"https:\/\/unitel.rs\/yettel\/wp-content\/uploads\/2022\/03\/Statut-Uni-Tel-a-2.pdf\" target=\"_blank\" rel=\"noopener\">S t a t u t Sindikat UNI TEL u kompaniji Yettel &gt;&gt;&gt;<\/a><\/h3>\n<h3><a href=\"https:\/\/unitel.rs\/yettel\/wp-content\/uploads\/2024\/03\/Statut-UNI-TEL-Srbija-apr.22.pdf\" target=\"_blank\" rel=\"noopener\">S t a t u t Granskog Sindikat UNI TEL \u00a0&gt;&gt;&gt;<\/a><\/h3>\n<\/div><\/div><\/div><\/div><\/div><\/p>\n","protected":false},"excerpt":{"rendered":"","protected":false},"author":1,"featured_media":0,"parent":868,"menu_order":10,"comment_status":"closed","ping_status":"closed","template":"100-width.php","meta":{"footnotes":""},"class_list":["post-1600","page","type-page","status-publish","hentry"],"jetpack_sharing_enabled":true,"_links":{"self":[{"href":"https:\/\/unitel.rs\/yettel\/wp-json\/wp\/v2\/pages\/1600","targetHints":{"allow":["GET"]}}],"collection":[{"href":"https:\/\/unitel.rs\/yettel\/wp-json\/wp\/v2\/pages"}],"about":[{"href":"https:\/\/unitel.rs\/yettel\/wp-json\/wp\/v2\/types\/page"}],"author":[{"embeddable":true,"href":"https:\/\/unitel.rs\/yettel\/wp-json\/wp\/v2\/users\/1"}],"replies":[{"embeddable":true,"href":"https:\/\/unitel.rs\/yettel\/wp-json\/wp\/v2\/comments?post=1600"}],"version-history":[{"count":9,"href":"https:\/\/unitel.rs\/yettel\/wp-json\/wp\/v2\/pages\/1600\/revisions"}],"predecessor-version":[{"id":1930,"href":"https:\/\/unitel.rs\/yettel\/wp-json\/wp\/v2\/pages\/1600\/revisions\/1930"}],"up":[{"embeddable":true,"href":"https:\/\/unitel.rs\/yettel\/wp-json\/wp\/v2\/pages\/868"}],"wp:attachment":[{"href":"https:\/\/unitel.rs\/yettel\/wp-json\/wp\/v2\/media?parent=1600"}],"curies":[{"name":"wp","href":"https:\/\/api.w.org\/{rel}","templated":true}]}}