{"id":870,"date":"2021-09-30T21:26:05","date_gmt":"2021-09-30T19:26:05","guid":{"rendered":"https:\/\/unitel.rs\/telenor\/?page_id=870"},"modified":"2022-03-24T22:47:17","modified_gmt":"2022-03-24T21:47:17","slug":"osiguranje","status":"publish","type":"page","link":"https:\/\/unitel.rs\/yettel\/sindikat-unitel-2\/kolektivni-ugovor\/osiguranje\/","title":{"rendered":"OSIGURANJE"},"content":{"rendered":"<p><div class=\"fusion-fullwidth fullwidth-box fusion-builder-row-1 fusion-flex-container fusion-parallax-none nonhundred-percent-fullwidth non-hundred-percent-height-scrolling lazyload\" style=\"--awb-background-position:center top;--awb-border-radius-top-left:0px;--awb-border-radius-top-right:0px;--awb-border-radius-bottom-right:0px;--awb-border-radius-bottom-left:0px;--awb-padding-top:15%;--awb-padding-bottom:15%;--awb-background-size:cover;--awb-flex-wrap:wrap;\" data-bg=\"https:\/\/unitel.rs\/yettel\/wp-content\/uploads\/2022\/03\/OSIGURANJE-U-YETTEL..jpg\" ><div class=\"fusion-builder-row fusion-row fusion-flex-align-items-flex-start fusion-flex-content-wrap\" style=\"max-width:calc( 1300px + 0px );margin-left: calc(-0px \/ 2 );margin-right: calc(-0px \/ 2 );\"><div class=\"fusion-layout-column fusion_builder_column fusion-builder-column-0 fusion_builder_column_1_1 1_1 fusion-flex-column fusion-animated\" style=\"--awb-bg-size:cover;--awb-width-large:100%;--awb-margin-top-large:0px;--awb-spacing-right-large:0px;--awb-margin-bottom-large:20px;--awb-spacing-left-large:0px;--awb-width-medium:100%;--awb-spacing-right-medium:0px;--awb-spacing-left-medium:0px;--awb-width-small:100%;--awb-spacing-right-small:0px;--awb-spacing-left-small:0px;\" data-animationType=\"fadeInDown\" data-animationDuration=\"0.6\" data-animationOffset=\"top-into-view\"><div class=\"fusion-column-wrapper fusion-flex-justify-content-flex-start fusion-content-layout-column\"><div class=\"fusion-title title fusion-title-1 fusion-sep-none fusion-title-center fusion-title-text fusion-title-size-one\" style=\"--awb-margin-bottom:0px;\"><h1 class=\"fusion-title-heading title-heading-center fusion-responsive-typography-calculated\" style=\"margin:0;--fontSize:35;line-height:1.2;\"><\/h1><\/div><\/div><\/div><\/div><\/div><div class=\"fusion-fullwidth fullwidth-box fusion-builder-row-2 fusion-flex-container nonhundred-percent-fullwidth non-hundred-percent-height-scrolling\" style=\"--awb-background-position:center top;--awb-border-radius-top-left:0px;--awb-border-radius-top-right:0px;--awb-border-radius-bottom-right:0px;--awb-border-radius-bottom-left:0px;--awb-padding-top:6%;--awb-padding-bottom:6%;--awb-flex-wrap:wrap;\" ><div class=\"fusion-builder-row fusion-row fusion-flex-align-items-flex-start fusion-flex-content-wrap\" style=\"max-width:calc( 1300px + 0px );margin-left: calc(-0px \/ 2 );margin-right: calc(-0px \/ 2 );\"><div class=\"fusion-layout-column fusion_builder_column fusion-builder-column-1 fusion_builder_column_1_1 1_1 fusion-flex-column fusion-animated\" style=\"--awb-bg-size:cover;--awb-width-large:100%;--awb-margin-top-large:40px;--awb-spacing-right-large:0px;--awb-margin-bottom-large:20px;--awb-spacing-left-large:0px;--awb-width-medium:100%;--awb-spacing-right-medium:0px;--awb-spacing-left-medium:0px;--awb-width-small:100%;--awb-spacing-right-small:0px;--awb-spacing-left-small:0px;\" data-animationType=\"slideInLeft\" data-animationDuration=\"0.6\" data-animationOffset=\"top-into-view\"><div class=\"fusion-column-wrapper fusion-flex-justify-content-flex-start fusion-content-layout-column\"><div class=\"fusion-text fusion-text-1\" style=\"--awb-text-transform:none;\"><h1><strong>OSIGURANJE U YETTEL.<\/strong><\/h1>\n<p class=\"heading__title\" style=\"text-align: left;\">SINDIKALNO UDRU\u017dIVANJE JE PREDUSLOV ZA DOSTOJANSTVEN RAD<\/p>\n<\/div><div class=\"fusion-text fusion-text-2\" style=\"--awb-text-transform:none;\"><div class=\"heading heading--61560f095a1a3 text-center \">\n<p>Zaposleni u Yettel.imaju osiguranje koje traje neprekidno 24 sata, sedam dana u nedelji, i nije ograni\u010deno teritorijalnim va\u017eenjem polise osiguranja.<\/p>\n<p>Yettel. je potpisao ugovore o kombinovanom kolektivnom osiguranju, osiguranju od nesre\u0107nog slu\u010daja i osiguranju od te\u017eih bolesti i posledica bolesti.<\/p>\n<p>Na ovaj na\u010din su zaposleni u Yettel.kolektivno osigurani od posledica nesre\u0107nog slu\u010daja, te\u017eih bolesti i posledica bolesti (hirur\u0161ke intervencije).<\/p>\n<p>Premije osiguranja bi\u0107e ispla\u0107ene po nastupanju osiguranog slu\u010daja i du\u017enost zaposlenih je da odmah po nastupanju povrede, bolesti ili drugog osiguranog slu\u010daja<\/p>\n<p>o tome obaveste kolege iz slu\u017ebe Health and Safety.<\/p>\n<p>Yettel. ima ovla\u0161\u0107eno lice iz Sourcing tima koje vodi osiguranje i odmah posle obave\u0161tenju istog zaposleni \u0107e biti upu\u0107en u dalju proceduru i kona\u010dno ostvarivanje prava navedenih u polisi osiguranja. Posle obave\u0161tavanja osiguravaju\u0107e ku\u0107e o nastupanju osiguranog slu\u010daja, Osiguravaju\u0107a ku\u0107a procenjuje da li je takav slu\u010daj u domenu polise osiguranja.<\/p>\n<p>Ova procena mo\u017ee podrazumevati i pregled stru\u010dnog lekara usled nesre\u0107nog slu\u010daja ili hirur\u0161ke intervencije i srazmerno postojanju i proceni te\u017eine povrede bi\u0107e ispla\u0107ena nov\u010dana nadoknada.<\/p>\n<\/div>\n<\/div><\/div><\/div><\/div><\/div><\/p>\n","protected":false},"excerpt":{"rendered":"","protected":false},"author":1,"featured_media":0,"parent":892,"menu_order":4,"comment_status":"closed","ping_status":"closed","template":"100-width.php","meta":{"footnotes":""},"class_list":["post-870","page","type-page","status-publish","hentry"],"jetpack_sharing_enabled":true,"_links":{"self":[{"href":"https:\/\/unitel.rs\/yettel\/wp-json\/wp\/v2\/pages\/870","targetHints":{"allow":["GET"]}}],"collection":[{"href":"https:\/\/unitel.rs\/yettel\/wp-json\/wp\/v2\/pages"}],"about":[{"href":"https:\/\/unitel.rs\/yettel\/wp-json\/wp\/v2\/types\/page"}],"author":[{"embeddable":true,"href":"https:\/\/unitel.rs\/yettel\/wp-json\/wp\/v2\/users\/1"}],"replies":[{"embeddable":true,"href":"https:\/\/unitel.rs\/yettel\/wp-json\/wp\/v2\/comments?post=870"}],"version-history":[{"count":10,"href":"https:\/\/unitel.rs\/yettel\/wp-json\/wp\/v2\/pages\/870\/revisions"}],"predecessor-version":[{"id":1745,"href":"https:\/\/unitel.rs\/yettel\/wp-json\/wp\/v2\/pages\/870\/revisions\/1745"}],"up":[{"embeddable":true,"href":"https:\/\/unitel.rs\/yettel\/wp-json\/wp\/v2\/pages\/892"}],"wp:attachment":[{"href":"https:\/\/unitel.rs\/yettel\/wp-json\/wp\/v2\/media?parent=870"}],"curies":[{"name":"wp","href":"https:\/\/api.w.org\/{rel}","templated":true}]}}