{"id":886,"date":"2021-09-30T21:44:51","date_gmt":"2021-09-30T19:44:51","guid":{"rendered":"https:\/\/unitel.rs\/telenor\/?page_id=886"},"modified":"2023-03-17T23:08:45","modified_gmt":"2023-03-17T22:08:45","slug":"osnovni-ciljevi-i-planovi-sindikata","status":"publish","type":"page","link":"https:\/\/unitel.rs\/yettel\/sindikat-unitel-2\/osnovni-ciljevi-i-planovi-sindikata\/","title":{"rendered":"OSNOVNI CILJEVI I PLANOVI SINDIKATA"},"content":{"rendered":"<p><div class=\"fusion-fullwidth fullwidth-box fusion-builder-row-1 fusion-flex-container fusion-parallax-none nonhundred-percent-fullwidth non-hundred-percent-height-scrolling lazyload\" style=\"--awb-background-position:center top;--awb-border-radius-top-left:0px;--awb-border-radius-top-right:0px;--awb-border-radius-bottom-right:0px;--awb-border-radius-bottom-left:0px;--awb-padding-top:15%;--awb-padding-bottom:15%;--awb-background-size:cover;--awb-flex-wrap:wrap;\" data-bg=\"https:\/\/unitel.rs\/yettel\/wp-content\/uploads\/2021\/11\/Osnovni-ciljevi-sindikata.jpg\" ><div class=\"fusion-builder-row fusion-row fusion-flex-align-items-flex-start fusion-flex-content-wrap\" style=\"max-width:calc( 1300px + 0px );margin-left: calc(-0px \/ 2 );margin-right: calc(-0px \/ 2 );\"><\/div><\/div><div class=\"fusion-fullwidth fullwidth-box fusion-builder-row-2 fusion-flex-container nonhundred-percent-fullwidth non-hundred-percent-height-scrolling\" style=\"--awb-background-position:center top;--awb-border-radius-top-left:0px;--awb-border-radius-top-right:0px;--awb-border-radius-bottom-right:0px;--awb-border-radius-bottom-left:0px;--awb-padding-top:6%;--awb-padding-bottom:6%;--awb-flex-wrap:wrap;\" ><div class=\"fusion-builder-row fusion-row fusion-flex-align-items-flex-start fusion-flex-content-wrap\" style=\"max-width:calc( 1300px + 0px );margin-left: calc(-0px \/ 2 );margin-right: calc(-0px \/ 2 );\"><div class=\"fusion-layout-column fusion_builder_column fusion-builder-column-0 fusion_builder_column_1_1 1_1 fusion-flex-column fusion-animated\" style=\"--awb-bg-size:cover;--awb-width-large:100%;--awb-margin-top-large:40px;--awb-spacing-right-large:0px;--awb-margin-bottom-large:20px;--awb-spacing-left-large:0px;--awb-width-medium:100%;--awb-spacing-right-medium:0px;--awb-spacing-left-medium:0px;--awb-width-small:100%;--awb-spacing-right-small:0px;--awb-spacing-left-small:0px;\" data-animationType=\"slideInLeft\" data-animationDuration=\"0.6\" data-animationOffset=\"top-into-view\"><div class=\"fusion-column-wrapper fusion-flex-justify-content-flex-start fusion-content-layout-column\"><div class=\"fusion-text fusion-text-1\"><h1>OSNOVNI CILJEVI I PLANOVI SINDIKATA<\/h1>\n<p><strong><u>Op\u0161te:<\/u><\/strong><\/p>\n<ul>\n<li>Za\u0161tita prava i interesa zaposlenih u skladu sa zakonom i drugim pravnim aktima;<\/li>\n<li>Sindikalna solidarnost i uzajamnost;<\/li>\n<li>Efikasno ostvarivanje zajedni\u010dkih i pojedina\u010dnih interesa \u010dlanova Sindikata;<\/li>\n<li>Pobolj\u0161anje materijalnog i socijalnog statusa zaposlenih,tolerancija;<\/li>\n<li>Za\u0161tita ekonomskih, socijalnih, radnih, kulturnih, sindikalnih i drugih prava i sloboda;<\/li>\n<li>Partnerstvo , humanizacija, pobolj\u0161anje uslova rada;<\/li>\n<li>Za\u0161tita na radu i unapre\u0111enje \u017eivotne sredine;<\/li>\n<li>Za\u0161tita dostojanstva svih zaposlenih i smisao za tudje izazove;<\/li>\n<li>Ja\u010danje sindikalnog pokreta i saradnja sa drugim Sindikatima;<\/li>\n<li><\/li>\n<\/ul>\n<p><strong><u>Planovi sindikata za 2023 godinu:<\/u><\/strong><\/p>\n<ul>\n<li>Realizacija 5 godi\u0161njeg programa i strategije sindikata Uni Tel u kompaniji Yettelu.<\/li>\n<li>Pove\u0107anje \u010dlanstva unutar Yettel.-a (trenutna reprezentativnost sindikata je oko 24 %)<\/li>\n<li>Aktivno u\u010de\u0161\u0107e u Konfederaciji Slobodnih Sindikata i podr\u0161ka rada u Uni Tel- u.<\/li>\n<\/ul>\n<\/div><\/div><\/div><\/div><\/div><\/p>\n","protected":false},"excerpt":{"rendered":"","protected":false},"author":1,"featured_media":0,"parent":868,"menu_order":1,"comment_status":"closed","ping_status":"closed","template":"100-width.php","meta":{"footnotes":""},"class_list":["post-886","page","type-page","status-publish","hentry"],"jetpack_sharing_enabled":true,"_links":{"self":[{"href":"https:\/\/unitel.rs\/yettel\/wp-json\/wp\/v2\/pages\/886","targetHints":{"allow":["GET"]}}],"collection":[{"href":"https:\/\/unitel.rs\/yettel\/wp-json\/wp\/v2\/pages"}],"about":[{"href":"https:\/\/unitel.rs\/yettel\/wp-json\/wp\/v2\/types\/page"}],"author":[{"embeddable":true,"href":"https:\/\/unitel.rs\/yettel\/wp-json\/wp\/v2\/users\/1"}],"replies":[{"embeddable":true,"href":"https:\/\/unitel.rs\/yettel\/wp-json\/wp\/v2\/comments?post=886"}],"version-history":[{"count":15,"href":"https:\/\/unitel.rs\/yettel\/wp-json\/wp\/v2\/pages\/886\/revisions"}],"predecessor-version":[{"id":1889,"href":"https:\/\/unitel.rs\/yettel\/wp-json\/wp\/v2\/pages\/886\/revisions\/1889"}],"up":[{"embeddable":true,"href":"https:\/\/unitel.rs\/yettel\/wp-json\/wp\/v2\/pages\/868"}],"wp:attachment":[{"href":"https:\/\/unitel.rs\/yettel\/wp-json\/wp\/v2\/media?parent=886"}],"curies":[{"name":"wp","href":"https:\/\/api.w.org\/{rel}","templated":true}]}}