{"id":896,"date":"2021-09-30T21:52:37","date_gmt":"2021-09-30T19:52:37","guid":{"rendered":"https:\/\/unitel.rs\/telenor\/?page_id=896"},"modified":"2026-03-17T23:19:32","modified_gmt":"2026-03-17T22:19:32","slug":"fond-solidarnosti","status":"publish","type":"page","link":"https:\/\/unitel.rs\/yettel\/sindikat-unitel-2\/fond-solidarnosti\/","title":{"rendered":"FOND SOLIDARNOSTI"},"content":{"rendered":"<p><div class=\"fusion-fullwidth fullwidth-box fusion-builder-row-1 fusion-flex-container fusion-parallax-none nonhundred-percent-fullwidth non-hundred-percent-height-scrolling lazyload\" style=\"--awb-background-position:center top;--awb-border-radius-top-left:0px;--awb-border-radius-top-right:0px;--awb-border-radius-bottom-right:0px;--awb-border-radius-bottom-left:0px;--awb-padding-top:15%;--awb-padding-bottom:15%;--awb-background-size:cover;--awb-flex-wrap:wrap;\" data-bg=\"https:\/\/unitel.rs\/yettel\/wp-content\/uploads\/2021\/10\/FOND-SOLIDARNOSTI.jpg\" ><div class=\"fusion-builder-row fusion-row fusion-flex-align-items-flex-start fusion-flex-content-wrap\" style=\"max-width:calc( 1300px + 0px );margin-left: calc(-0px \/ 2 );margin-right: calc(-0px \/ 2 );\"><div class=\"fusion-layout-column fusion_builder_column fusion-builder-column-0 fusion_builder_column_1_1 1_1 fusion-flex-column fusion-animated\" style=\"--awb-bg-size:cover;--awb-width-large:100%;--awb-margin-top-large:0px;--awb-spacing-right-large:0px;--awb-margin-bottom-large:20px;--awb-spacing-left-large:0px;--awb-width-medium:100%;--awb-spacing-right-medium:0px;--awb-spacing-left-medium:0px;--awb-width-small:100%;--awb-spacing-right-small:0px;--awb-spacing-left-small:0px;\" data-animationType=\"fadeInDown\" data-animationDuration=\"0.6\" data-animationOffset=\"top-into-view\"><div class=\"fusion-column-wrapper fusion-flex-justify-content-flex-start fusion-content-layout-column\"><div class=\"fusion-title title fusion-title-1 fusion-sep-none fusion-title-center fusion-title-text fusion-title-size-one\" style=\"--awb-margin-bottom:0px;\"><h1 class=\"fusion-title-heading title-heading-center fusion-responsive-typography-calculated\" style=\"margin:0;--fontSize:35;line-height:1.2;\"><\/h1><\/div><\/div><\/div><\/div><\/div><div class=\"fusion-fullwidth fullwidth-box fusion-builder-row-2 fusion-flex-container nonhundred-percent-fullwidth non-hundred-percent-height-scrolling\" style=\"--awb-background-position:center top;--awb-border-radius-top-left:0px;--awb-border-radius-top-right:0px;--awb-border-radius-bottom-right:0px;--awb-border-radius-bottom-left:0px;--awb-padding-top:6%;--awb-padding-bottom:6%;--awb-flex-wrap:wrap;\" ><div class=\"fusion-builder-row fusion-row fusion-flex-align-items-flex-start fusion-flex-content-wrap\" style=\"max-width:calc( 1300px + 0px );margin-left: calc(-0px \/ 2 );margin-right: calc(-0px \/ 2 );\"><div class=\"fusion-layout-column fusion_builder_column fusion-builder-column-1 fusion_builder_column_1_1 1_1 fusion-flex-column fusion-animated\" style=\"--awb-bg-size:cover;--awb-width-large:100%;--awb-margin-top-large:40px;--awb-spacing-right-large:0px;--awb-margin-bottom-large:20px;--awb-spacing-left-large:0px;--awb-width-medium:100%;--awb-spacing-right-medium:0px;--awb-spacing-left-medium:0px;--awb-width-small:100%;--awb-spacing-right-small:0px;--awb-spacing-left-small:0px;\" data-animationType=\"slideInLeft\" data-animationDuration=\"0.6\" data-animationOffset=\"top-into-view\"><div class=\"fusion-column-wrapper fusion-flex-justify-content-flex-start fusion-content-layout-column\"><div class=\"fusion-text fusion-text-1\" style=\"--awb-text-transform:none;\"><h1>FOND SOLIDARNOSTI<\/h1>\n<p>Samo postojanje sindikata omogu\u0107ava nam postojanje Fonda solidarnosti.<\/p>\n<p>Cilj osnivanja Fonda solidarnosti je solidarna pomo\u0107 \u010dlanu sindikata i \u010dlanu Fonda. Sindikalna pomo\u0107 \u010dlanu sindikata i njegovoj u\u017eoj porodici (bra\u010dnom drugu i deci) poma\u017ee u o\u010duvanju zdravlje i sopstvenog \u017eivota. Fond poma\u017ee da ubla\u017eimo materijalne gubitke nastalih vi\u0161om silom i u vanrednim prilikama.<\/p>\n<p>Zadatak Fonda je da \u010dlanu Fonda i njegovoj u\u017eoj porodici (bra\u010dni drug i deca), a u skladu sa mogu\u0107nostima Fonda, obezbedi odre\u0111ena nov\u010dana sredstva za solidarnu pomo\u0107. Fond se finansira isklju\u010divo iz \u010dlanarine koju jednom mese\u010dno upla\u0107uju \u010dlanovi sindikata.<\/p>\n<h3><a href=\"https:\/\/unitel.rs\/yettel\/wp-content\/uploads\/2022\/03\/Pravilnik-Fonda-solidarnosti-sindikata.pdf\" target=\"_blank\" rel=\"noopener\">Pravilnik Fonda solidarnosti &gt;&gt;&gt;<\/a><\/h3>\n<ol>\n<li>a) sklapanje braka<\/li>\n<li>b) ro\u0111enje deteta<\/li>\n<li>c) polazak deteta u 1. razred osnovne \u0161kole<\/li>\n<li>d) otklanjanje \u0161tete u doma\u0107instvu<\/li>\n<li>e) bolni\u010dko le\u010denje i zdravstvene usluge \u010dlana Fonda<\/li>\n<li>f) kupovinu lekova u slu\u010daju te\u017ee bolesti \u010dlana Fonda<\/li>\n<li>g) smrt \u010dlana Fonda<\/li>\n<li>n) smrt supru\u017enika, deteta<\/li>\n<li>m) smrt roditelja<\/li>\n<li>j) nov\u010danu pozajmicu koja ne mo\u017ee biti ve\u0107a od 40.000,00 dinara i to uz pismeni zahtev i obrazlo\u017eenje od strane podnosioca.<\/li>\n<\/ol>\n<p>O svakom pojedina\u010dnom zahtevu\u00a0 komisija Fonda\u00a0 odlu\u010duje posebno.<\/p>\n<h1>Novo &#8211; kasa uzajamne pomo\u0107i<\/h1>\n<p>Zbog pove\u0107anog broja zahteva za pozajmice, sindikat je doneo odluku o formiranju <strong>Kase uzajamne pomo\u0107i<\/strong>.<\/p>\n<p>Ukoliko \u017eelite da koristite pozajmicu, neophodno je da budete \u010dlan sindikata i da pristupite Kasi uzajamne pomo\u0107i.<\/p>\n<p><strong>Osnovni uslovi su slede\u0107i:<\/strong><\/p>\n<ul>\n<li>jednokratna \u010dlanarina za pristup kasi iznosi 10.000 dinara<\/li>\n<li>\u010dlanarina se prakti\u010dno izmiruje kroz pozajmicu (npr. podnesete zahtev na 50.000 dinara, a ispla\u0107uje se 40.000 dinara)<\/li>\n<li>otplata pozajmice vr\u0161i se u 10 mese\u010dnih rata, bez kamate<\/li>\n<li>prilikom istupanja iz kase, upla\u0107eni iznos od 10.000 dinara se vra\u0107a \u010dlanu<\/li>\n<\/ul>\n<p>Sindikat vodi evidenciju \u010dlanova, odobrenih pozajmica i stanja sredstava u kasi, tako da \u0107ete u svakom trenutku imati uvid u svoj status i redosled.<\/p>\n<p><strong><a href=\"https:\/\/unitel.rs\/yettel\/wp-content\/uploads\/2026\/03\/Pravilnik-Kase-uzajamne-pomoci-2026.pdf\" target=\"_blank\" rel=\"noopener\">PRAVILNIK kasa uzajamne pomo\u0107i &gt;&gt;&gt;<\/a><\/strong><\/p>\n<p><strong><a href=\"https:\/\/unitel.rs\/yettel\/wp-content\/uploads\/2026\/03\/Zahtev-fond-solid.-KASA.doc\" target=\"_blank\" rel=\"noopener\">Zahtev za kasa uzajamne pomo\u0107i &gt;&gt;&gt;<\/a><\/strong><\/p>\n<h3><a href=\"https:\/\/unitel.rs\/yettel\/wp-content\/uploads\/2022\/03\/Zahtev-za-dodelu-pomoci-iz-fonda-solidarnosti.doc\" target=\"_blank\" rel=\"noopener\">Zahtev za dodelu pomo\u0107i iz Fonda solidarnosti &gt;&gt;&gt;<\/a><\/h3>\n<p>Pregled upla\u0107enih sredstava iz Fonda prema \u010dlanovima sindikata od 2006 do novembra 2021 u prilogu.<\/p>\n<span class=\"rcp-restricted-content-message\">Pristup samo za registrovane korisnike<\/span>\n<\/div><\/div><\/div><\/div><\/div><\/p>\n","protected":false},"excerpt":{"rendered":"","protected":false},"author":1,"featured_media":0,"parent":868,"menu_order":2,"comment_status":"closed","ping_status":"closed","template":"100-width.php","meta":{"footnotes":""},"class_list":["post-896","page","type-page","status-publish","hentry"],"jetpack_sharing_enabled":true,"_links":{"self":[{"href":"https:\/\/unitel.rs\/yettel\/wp-json\/wp\/v2\/pages\/896","targetHints":{"allow":["GET"]}}],"collection":[{"href":"https:\/\/unitel.rs\/yettel\/wp-json\/wp\/v2\/pages"}],"about":[{"href":"https:\/\/unitel.rs\/yettel\/wp-json\/wp\/v2\/types\/page"}],"author":[{"embeddable":true,"href":"https:\/\/unitel.rs\/yettel\/wp-json\/wp\/v2\/users\/1"}],"replies":[{"embeddable":true,"href":"https:\/\/unitel.rs\/yettel\/wp-json\/wp\/v2\/comments?post=896"}],"version-history":[{"count":20,"href":"https:\/\/unitel.rs\/yettel\/wp-json\/wp\/v2\/pages\/896\/revisions"}],"predecessor-version":[{"id":2072,"href":"https:\/\/unitel.rs\/yettel\/wp-json\/wp\/v2\/pages\/896\/revisions\/2072"}],"up":[{"embeddable":true,"href":"https:\/\/unitel.rs\/yettel\/wp-json\/wp\/v2\/pages\/868"}],"wp:attachment":[{"href":"https:\/\/unitel.rs\/yettel\/wp-json\/wp\/v2\/media?parent=896"}],"curies":[{"name":"wp","href":"https:\/\/api.w.org\/{rel}","templated":true}]}}